In base 3, what is -210 - -11200221?
11200011
In base 3, what is -1100021112210 - -10?
-1100021112200
In base 13, what is b9 + -26?
93
In base 3, what is -1022112 - 1212?
-1101101
In base 9, what is -70565 + -4?
-70570
In base 3, what is -11011 + 221001?
202220
In base 12, what is -382471 - -4?
-382469
In base 2, what is -1101011000 + 100100111?
-1000110001
In base 11, what is -25 - -141393?
141369
In base 4, what is -3 + -2133223023?
-2133223032
In base 5, what is 3144313 - 33?
3144230
In base 4, what is 111031 - 11101?
33330
In base 13, what is 103 + -4ac?
-3a9
In base 16, what is -719 + 221?
-4f8
In base 4, what is -3 + 2101120032?
2101120023
In base 11, what is -1 + 3a74?
3a73
In base 14, what is -31 - 1ca?
-21b
In base 7, what is -200025 - 1?
-200026
In base 2, what is 1111 + 1111110?
10001101
In base 12, what is 3573 - 378?
31b7
In base 11, what is 157495 + 1?
157496
In base 11, what is 13446 - 0?
13446
In base 14, what is -4 - -4c77?
4c73
In base 16, what is eaf4 - 0?
eaf4
In base 8, what is 456 + -2607?
-2131
In base 16, what is 154d8d + 5?
154d92
In base 6, what is -151 + 1033?
442
In base 8, what is 2371 - 21?
2350
In base 6, what is 212 - -5150?
5402
In base 14, what is 8 - 925?
-91b
In base 7, what is 261 - -5616?
6210
In base 13, what is -2 + 5cb4?
5cb2
In base 8, what is -1210 + 44?
-1144
In base 5, what is 33400 - -423?
34323
In base 16, what is 95 - -26d?
302
In base 12, what is -6 - 16957?
-16961
In base 4, what is 2 + 101031301?
101031303
In base 2, what is -10 + 10000100110111010?
10000100110111000
In base 15, what is -12 + -1d6b?
-1d7d
In base 3, what is 1 - -2020201001?
2020201002
In base 13, what is -5b97b4 + 2?
-5b97b2
In base 6, what is -105 - 15221?
-15330
In base 3, what is -102 - 1122212112?
-1122212221
In base 13, what is 151 + 29c?
420
In base 14, what is -4 + 369418?
369414
In base 3, what is -10002 + -10222102?
-11002111
In base 13, what is -5 + -215ca?
-21602
In base 12, what is -5ab85 - -4?
-5ab81
In base 15, what is 56 + 464a?
46a1
In base 8, what is 3 + -40362?
-40357
In base 10, what is -2249 - -56?
-2193
In base 11, what is 249 - 47?
202
In base 6, what is 31 + -12445?
-12414
In base 10, what is -37316 + -111?
-37427
In base 13, what is 1 + 1c0b1a?
1c0b1b
In base 13, what is 1c - -1890?
18ac
In base 10, what is -37 + 68012?
67975
In base 13, what is 5c - -8b?
11a
In base 12, what is -522 - -4a2?
-40
In base 11, what is 348 - -15?
362
In base 9, what is 43874 - 16?
43857
In base 9, what is 5262 - -23?
5285
In base 5, what is -23322 - 11?
-23333
In base 4, what is -202 - 1320031?
-1320233
In base 4, what is 2320 - -1303?
10223
In base 15, what is 72 + 1591?
1613
In base 4, what is 320 + 12220010?
12220330
In base 14, what is 56764 - -1?
56765
In base 7, what is 16 + 242346?
242365
In base 2, what is -11 + -100011001001110111?
-100011001001111010
In base 15, what is 1ee - 53?
19b
In base 12, what is -282 + -58?
-31a
In base 6, what is 132 - 110?
22
In base 3, what is -212 + 10012120201?
10012112212
In base 5, what is 12220 - -14033?
31303
In base 2, what is 111110001000 + 11010?
111110100010
In base 8, what is -17520361 - -2?
-17520357
In base 16, what is 28d - -f?
29c
In base 14, what is 52 + 267?
2b9
In base 11, what is 405 + 152?
557
In base 12, what is 143ab + -4?
143a7
In base 8, what is 4 - 1127324?
-1127320
In base 15, what is 88b + -21?
86a
In base 6, what is -111 + 401?
250
In base 4, what is -11 - -10203203330?
10203203313
In base 11, what is 775 + -26?
74a
In base 2, what is 1 - 1011010001110100010?
-1011010001110100001
In base 4, what is -10 - -1030201021?
1030201011
In base 3, what is -220101001 + 11?
-220100220
In base 7, what is -4 + 156604?
156600
In base 8, what is 5370201 + 5?
5370206
In base 6, what is -13343544 + 3?
-13343541
In base 15, what is -1cb + 436?
25a
In base 2, what is 1010111010010110001 + 100?
1010111010010110101
In base 4, what is -3 - -32110333?
32110330
In base 3, what is 1100 - -122100220?
122102020
In base 9, what is -111 - 7532?
-7643
In base 4, what is -1012333 + -131?
-1013130
In base 13, what is 4 - 2057?
-2053
In base 3, what is 12 - 12010?
-11221
In base 13, what is -21 + 53967?
53946
In base 15, what is -4 + 10516?
10512
In base 15, what is 747a + 4?
747e
In base 8, what is -16270474 + 0?
-16270474
In base 12, what is 848 - -11b?
967
In base 4, what is -12003 + 120?
-11223
In base 16, what is -280e6 + 3?
-280e3
In base 10, what is -3 + 17188?
17185
In base 7, what is 2 - 656400?
-656365
In base 8, what is -113211 + -35?
-113246
In base 13, what is -a9 + 1?
-a8
In base 5, what is -44 + -1244214?
-1244313
In base 2, what is -1 + -1100101110010100010?
-1100101110010100011
In base 8, what is 73 - 731?
-636
In base 16, what is 1f - -5a?
79
In base 12, what is 165 - -7692?
7837
In base 16, what is 30ce - -4?
30d2
In base 10, what is -101 - -252?
151
In base 14, what is 5 - -1004?
1009
In base 8, what is -1602 - 4077?
-5701
In base 2, what is -11011 + 1100000010101?
1011111111010
In base 4, what is 10 + -31031111?
-31031101
In base 14, what is -1b58 - 2?
-1b5a
In base 7, what is 422606 - -1?
422610
In base 13, what is -13 - 22326?
-22339
In base 16, what is -1868 - -2a?
-183e
In base 5, what is -130403312 + -1?
-130403313
In base 12, what is -206423 - 5?
-206428
In base 2, what is -11100 + 10010011011010111?
10010011010111011
In base 14, what is -3 + -b392?
-b395
In base 15, what is -8 - -2c29a?
2c292
In base 13, what is 1 + -50832?
-50831
In base 3, what is -111 - 20120011?
-20120122
In base 4, what is -100321103 - -1?
-100321102
In base 7, what is -622024 + -4?
-622031
In base 16, what is -5 + 1eeee?
1eee9
In base 2, what is -111 - -110010100001110?
110010100000111
In base 4, what is -3212213001 + -3?
-3212213010
In base 13, what is -6a5b8 + -9?
-6a5c4
In base 4, what is 120300000002 - 1?
120300000001
In base 3, what is 10 + 112112012?
112112022
In base 3, what is -1200000011 - 1?
-1200000012
In base 11, what is 1 + 45101?
45102
In base 6, what is 13205 - -1523?
15132
In base 6, what is 32 + 2020524?
2021000
In base 11, what is -145 + 27?
-119
In base 4, what is 101210 - 111?
101033
In base 8, what is 10 - 5615?
-5605
In base 6, what is -3020503 + 1?
-3020502
In base 4, what is 102021 + 1022?
103103
In base 10, what is 923 + -328?
595
In base 11, what is -2 - -1439a?
14398
In base 7, what is -1155 - -2650?
1462
In base 4, what is -1301202 + -30?
-1301232
In base 4, what is 10131 - -232?
11023
In base 2, what is -1110101101010101 + -100?
-1110101101011001
In base 12, what is 7 + -8a09?
-8a02
In base 2, what is -1001101010001001 + -1?
-1001101010001010
In base 3, what is -1100211222 - -10?
-1100211212
In base 9, what is 2 - -1515031?
1515033
In base 13, what is 305 - 2136?
-1b31
In base 7, what is 5042122 + -4?
5042115
In base 11, what is 3 - -30a923?
30a926
In base 7, what is -1563 - 123?
-2016
In base 13, what is -c179 + -15?
-c191
In base 8, what is -15467 - -5?
-15462
In base 15, what is -213 + c?
-206
In base 13, what is -30569 - -5?
-30564
In base 10, what is -44387 + -5?
-44392
In base 2, what is -1111101 - 111011100000111?
-111011110000100
In base 16, what is -85 + 3?
-82
In base 12, what is -6ba - 344?
-a42
In base 8, what is 1442 - -5020?
6462
In base 4, what is -20 + -1210303?
-1210323
In base 5, what is 122411 - -2?
122413
In base 11, what is -11248 + 301?
-10a47
In base 10, what is -51 - 2732?
-2783
In base 6, what is 1341 + -33420?
-32035
In base 11, what is -20 - -5144?
5124
In base 6, what is 4 + -212451?
-212443
In base 9, what is 133101 + -1?
133100
In base 3, what is -20021221 + -211?
-20022202
In base 14, what is -c5a7 + -5?
-c5ac
In base 11, what is 219 - -735?
953
In base 13, what is 9 - 375?
-369
In base 7, what is -165016 + -3?
-165022
In base 12, what is -40 + -25b?
-29b
In base 6, what is -442 + 3525?
3043
In base 9, what is -72828 - 2?
-72831
In base 7, what is -1 + -5213244?
-5213245
In base 11, what is 0 + 187?
187
In base 3, what is 10 + 210210201?
210210211
In base 7, what is 13424 + 54?
13511
In base 4, what is -31 - -311232?
311201
In base 9, what is 16035 - -330?
16365
In base 9, what is 125464 + 5?
125470
In base 2, what is -100000100111101001 + 10?
-100000100111100111
In base 2, what is 10 - 101100101011100?
-101100101011010
In base